[INFO] cloning repository https://github.com/Sniadekk/chip8-emulator
[INFO] running `Command { std: "git" "-c" "credential.helper=" "-c" "credential.helper=/workspace/cargo-home/bin/git-credential-null" "clone" "--bare" "https://github.com/Sniadekk/chip8-emulator" "/workspace/cache/git-repos/https%3A%2F%2Fgithub.com%2FSniadekk%2Fchip8-emulator", kill_on_drop: false }`
[INFO] [stderr] Cloning into bare repository '/workspace/cache/git-repos/https%3A%2F%2Fgithub.com%2FSniadekk%2Fchip8-emulator'...
[INFO] running `Command { std: "git" "rev-parse" "HEAD", kill_on_drop: false }`
[INFO] [stdout] 30dfd7f5d8f415b9ed0f8cd776adc48da7196cf3
[INFO] checking Sniadekk/chip8-emulator against try#72f88fc4e9458f89516a0b8b0868f3718aec5b47 for pr-74989
[INFO] running `Command { std: "git" "clone" "/workspace/cache/git-repos/https%3A%2F%2Fgithub.com%2FSniadekk%2Fchip8-emulator" "/workspace/builds/worker-14/source", kill_on_drop: false }`
[INFO] [stderr] Cloning into '/workspace/builds/worker-14/source'...
[INFO] [stderr] done.
[INFO] validating manifest of git repo https://github.com/Sniadekk/chip8-emulator on toolchain 72f88fc4e9458f89516a0b8b0868f3718aec5b47
[INFO] running `Command { std: "/workspace/cargo-home/bin/cargo" "+72f88fc4e9458f89516a0b8b0868f3718aec5b47" "read-manifest" "--manifest-path" "Cargo.toml", kill_on_drop: false }`
[INFO] started tweaking git repo https://github.com/Sniadekk/chip8-emulator
[INFO] finished tweaking git repo https://github.com/Sniadekk/chip8-emulator
[INFO] tweaked toml for git repo https://github.com/Sniadekk/chip8-emulator written to /workspace/builds/worker-14/source/Cargo.toml
[INFO] crate git repo https://github.com/Sniadekk/chip8-emulator already has a lockfile, it will not be regenerated
[INFO] running `Command { std: "/workspace/cargo-home/bin/cargo" "+72f88fc4e9458f89516a0b8b0868f3718aec5b47" "fetch" "--locked" "--manifest-path" "Cargo.toml", kill_on_drop: false }`
[INFO] [stderr]  Downloading crates ...
[INFO] [stderr]   Downloaded num-traits v0.2.5
[INFO] running `Command { std: "docker" "create" "-v" "/var/lib/crater-agent-workspace/builds/worker-14/target:/opt/rustwide/target:rw,Z" "-v" "/var/lib/crater-agent-workspace/builds/worker-14/source:/opt/rustwide/workdir:ro,Z" "-v" "/var/lib/crater-agent-workspace/cargo-home:/opt/rustwide/cargo-home:ro,Z" "-v" "/var/lib/crater-agent-workspace/rustup-home:/opt/rustwide/rustup-home:ro,Z" "-e" "SOURCE_DIR=/opt/rustwide/workdir" "-e" "CARGO_TARGET_DIR=/opt/rustwide/target" "-e" "CARGO_HOME=/opt/rustwide/cargo-home" "-e" "RUSTUP_HOME=/opt/rustwide/rustup-home" "-w" "/opt/rustwide/workdir" "-m" "1610612736" "--user" "0:0" "--network" "none" "rustops/crates-build-env@sha256:d92eaeed33fa75130ca1ee6c8a01d1ffb62bac859dfdfb3450e3e5d1c0146529" "/opt/rustwide/cargo-home/bin/cargo" "+72f88fc4e9458f89516a0b8b0868f3718aec5b47" "metadata" "--no-deps" "--format-version=1", kill_on_drop: false }`
[INFO] [stdout] a46fcbc872ece3c50135bb255c12dfc6d72059330b88a94b8ff2d5fe9ee1493c
[INFO] [stderr] WARNING: Your kernel does not support swap limit capabilities or the cgroup is not mounted. Memory limited without swap.
[INFO] running `Command { std: "docker" "start" "-a" "a46fcbc872ece3c50135bb255c12dfc6d72059330b88a94b8ff2d5fe9ee1493c", kill_on_drop: false }`
[INFO] running `Command { std: "docker" "inspect" "a46fcbc872ece3c50135bb255c12dfc6d72059330b88a94b8ff2d5fe9ee1493c", kill_on_drop: false }`
[INFO] running `Command { std: "docker" "rm" "-f" "a46fcbc872ece3c50135bb255c12dfc6d72059330b88a94b8ff2d5fe9ee1493c", kill_on_drop: false }`
[INFO] [stdout] a46fcbc872ece3c50135bb255c12dfc6d72059330b88a94b8ff2d5fe9ee1493c
[INFO] running `Command { std: "docker" "create" "-v" "/var/lib/crater-agent-workspace/builds/worker-14/target:/opt/rustwide/target:rw,Z" "-v" "/var/lib/crater-agent-workspace/builds/worker-14/source:/opt/rustwide/workdir:ro,Z" "-v" "/var/lib/crater-agent-workspace/cargo-home:/opt/rustwide/cargo-home:ro,Z" "-v" "/var/lib/crater-agent-workspace/rustup-home:/opt/rustwide/rustup-home:ro,Z" "-e" "SOURCE_DIR=/opt/rustwide/workdir" "-e" "CARGO_TARGET_DIR=/opt/rustwide/target" "-e" "CARGO_INCREMENTAL=0" "-e" "RUST_BACKTRACE=full" "-e" "RUSTFLAGS=--cap-lints=forbid" "-e" "CARGO_HOME=/opt/rustwide/cargo-home" "-e" "RUSTUP_HOME=/opt/rustwide/rustup-home" "-w" "/opt/rustwide/workdir" "-m" "1610612736" "--user" "0:0" "--network" "none" "rustops/crates-build-env@sha256:d92eaeed33fa75130ca1ee6c8a01d1ffb62bac859dfdfb3450e3e5d1c0146529" "/opt/rustwide/cargo-home/bin/cargo" "+72f88fc4e9458f89516a0b8b0868f3718aec5b47" "check" "--frozen" "--all" "--all-targets" "--message-format=json", kill_on_drop: false }`
[INFO] [stderr] WARNING: Your kernel does not support swap limit capabilities or the cgroup is not mounted. Memory limited without swap.
[INFO] [stdout] f81670f982503225e9a622f5579e7999be854953820704df5957b0eda96cc012
[INFO] running `Command { std: "docker" "start" "-a" "f81670f982503225e9a622f5579e7999be854953820704df5957b0eda96cc012", kill_on_drop: false }`
[INFO] [stderr]    Compiling num-traits v0.2.5
[INFO] [stderr]    Compiling num-integer v0.1.39
[INFO] [stderr]    Compiling cfg-if v0.1.5
[INFO] [stderr]     Checking libc v0.2.43
[INFO] [stderr]     Checking lazy_static v0.2.11
[INFO] [stderr]     Checking rand_core v0.2.1
[INFO] [stderr]    Compiling sdl2-sys v0.31.0
[INFO] [stderr]     Checking rand v0.4.3
[INFO] [stderr]     Checking rand v0.5.5
[INFO] [stderr]     Checking rand v0.3.22
[INFO] [stderr]     Checking num-iter v0.1.37
[INFO] [stderr]     Checking num v0.1.42
[INFO] [stderr]     Checking sdl2 v0.31.0
[INFO] [stderr]     Checking chip8 v0.1.0 (/opt/rustwide/workdir)
[INFO] [stdout] error[E0425]: cannot find function `range` in this scope
[INFO] [stdout]   --> src/graphics.rs:26:18
[INFO] [stdout]    |
[INFO] [stdout] 26 |         for j in range(0, n) {
[INFO] [stdout]    |                  ^^^^^ not found in this scope
[INFO] [stdout] 
[INFO] [stdout] 
[INFO] [stdout] error[E0425]: cannot find function `range` in this scope
[INFO] [stdout]   --> src/graphics.rs:27:22
[INFO] [stdout]    |
[INFO] [stdout] 27 |             for i in range(0, 8) {
[INFO] [stdout]    |                      ^^^^^ not found in this scope
[INFO] [stdout] 
[INFO] [stdout] 
[INFO] [stdout] warning: unnecessary parentheses around block return value
[INFO] [stdout]    --> src/chip8.rs:255:33
[INFO] [stdout]     |
[INFO] [stdout] 255 |     fn get_addr(&self) -> u16 { (self.op_code & 0x0FFF) }
[INFO] [stdout]     |                                 ^^^^^^^^^^^^^^^^^^^^^^^ help: remove these parentheses
[INFO] [stdout]     |
[INFO] [stdout]     = note: `#[warn(unused_parens)]` on by default
[INFO] [stdout] 
[INFO] [stdout] 
[INFO] [stdout] error[E0425]: cannot find function `range` in this scope
[INFO] [stdout]   --> src/graphics.rs:26:18
[INFO] [stdout]    |
[INFO] [stdout] 26 |         for j in range(0, n) {
[INFO] [stdout]    |                  ^^^^^ not found in this scope
[INFO] [stdout] 
[INFO] [stdout] 
[INFO] [stdout] error[E0425]: cannot find function `range` in this scope
[INFO] [stdout]   --> src/graphics.rs:27:22
[INFO] [stdout]    |
[INFO] [stdout] 27 |             for i in range(0, 8) {
[INFO] [stdout]    |                      ^^^^^ not found in this scope
[INFO] [stdout] 
[INFO] [stdout] 
[INFO] [stdout] warning: unnecessary parentheses around block return value
[INFO] [stdout]    --> src/chip8.rs:255:33
[INFO] [stdout]     |
[INFO] [stdout] 255 |     fn get_addr(&self) -> u16 { (self.op_code & 0x0FFF) }
[INFO] [stdout]     |                                 ^^^^^^^^^^^^^^^^^^^^^^^ help: remove these parentheses
[INFO] [stdout]     |
[INFO] [stdout]     = note: `#[warn(unused_parens)]` on by default
[INFO] [stdout] 
[INFO] [stdout] 
[INFO] [stdout] error[E0609]: no field `v` on type `&mut Chip8`
[INFO] [stdout]    --> src/chip8.rs:239:22
[INFO] [stdout]     |
[INFO] [stdout] 239 |         let x = self.v[self.get_x()];
[INFO] [stdout]     |                      ^ help: a field with a similar name exists: `i`
[INFO] [stdout] 
[INFO] [stdout] 
[INFO] [stdout] error[E0609]: no field `v` on type `&mut Chip8`
[INFO] [stdout]    --> src/chip8.rs:240:22
[INFO] [stdout]     |
[INFO] [stdout] 240 |         let y = self.v[self.get_y()];
[INFO] [stdout]     |                      ^ help: a field with a similar name exists: `i`
[INFO] [stdout] 
[INFO] [stdout] 
[INFO] [stdout] error[E0609]: no field `gfx` on type `&mut graphics::Display`
[INFO] [stdout]   --> src/graphics.rs:32:29
[INFO] [stdout]    |
[INFO] [stdout] 32 |                     if self.gfx[yj][xi] == 1 { collision = 1 }
[INFO] [stdout]    |                             ^^^ unknown field
[INFO] [stdout]    |
[INFO] [stdout]    = note: available fields are: `screen`, `should_draw`, `canvas`
[INFO] [stdout] 
[INFO] [stdout] 
[INFO] [stdout] error[E0609]: no field `gfx` on type `&mut graphics::Display`
[INFO] [stdout]   --> src/graphics.rs:33:26
[INFO] [stdout]    |
[INFO] [stdout] 33 |                     self.gfx[yj][xi] ^= 1;
[INFO] [stdout]    |                          ^^^ unknown field
[INFO] [stdout]    |
[INFO] [stdout]    = note: available fields are: `screen`, `should_draw`, `canvas`
[INFO] [stdout] 
[INFO] [stdout] 
[INFO] [stdout] error: aborting due to 6 previous errors; 1 warning emitted
[INFO] [stdout] 
[INFO] [stdout] 
[INFO] [stdout] Some errors have detailed explanations: E0425, E0609.
[INFO] [stdout] 
[INFO] [stdout] For more information about an error, try `rustc --explain E0425`.
[INFO] [stdout] 
[INFO] [stdout] error[E0609]: no field `v` on type `&mut Chip8`
[INFO] [stdout]    --> src/chip8.rs:239:22
[INFO] [stdout]     |
[INFO] [stdout] 239 |         let x = self.v[self.get_x()];
[INFO] [stdout]     |                      ^ help: a field with a similar name exists: `i`
[INFO] [stdout] 
[INFO] [stdout] 
[INFO] [stdout] error[E0609]: no field `v` on type `&mut Chip8`
[INFO] [stdout]    --> src/chip8.rs:240:22
[INFO] [stdout]     |
[INFO] [stdout] 240 |         let y = self.v[self.get_y()];
[INFO] [stdout]     |                      ^ help: a field with a similar name exists: `i`
[INFO] [stdout] 
[INFO] [stdout] 
[INFO] [stderr] error: could not compile `chip8`.
[INFO] [stderr] 
[INFO] [stderr] To learn more, run the command again with --verbose.
[INFO] [stderr] warning: build failed, waiting for other jobs to finish...
[INFO] [stdout] error[E0609]: no field `gfx` on type `&mut graphics::Display`
[INFO] [stdout]   --> src/graphics.rs:32:29
[INFO] [stdout]    |
[INFO] [stdout] 32 |                     if self.gfx[yj][xi] == 1 { collision = 1 }
[INFO] [stdout]    |                             ^^^ unknown field
[INFO] [stdout]    |
[INFO] [stdout]    = note: available fields are: `screen`, `should_draw`, `canvas`
[INFO] [stdout] 
[INFO] [stdout] 
[INFO] [stdout] error[E0609]: no field `gfx` on type `&mut graphics::Display`
[INFO] [stdout]   --> src/graphics.rs:33:26
[INFO] [stdout]    |
[INFO] [stdout] 33 |                     self.gfx[yj][xi] ^= 1;
[INFO] [stdout]    |                          ^^^ unknown field
[INFO] [stdout]    |
[INFO] [stdout]    = note: available fields are: `screen`, `should_draw`, `canvas`
[INFO] [stdout] 
[INFO] [stdout] 
[INFO] [stdout] error: aborting due to 6 previous errors; 1 warning emitted
[INFO] [stdout] 
[INFO] [stdout] 
[INFO] [stdout] Some errors have detailed explanations: E0425, E0609.
[INFO] [stdout] 
[INFO] [stdout] For more information about an error, try `rustc --explain E0425`.
[INFO] [stdout] 
[INFO] [stderr] error: build failed
[INFO] running `Command { std: "docker" "inspect" "f81670f982503225e9a622f5579e7999be854953820704df5957b0eda96cc012", kill_on_drop: false }`
[INFO] running `Command { std: "docker" "rm" "-f" "f81670f982503225e9a622f5579e7999be854953820704df5957b0eda96cc012", kill_on_drop: false }`
[INFO] [stdout] f81670f982503225e9a622f5579e7999be854953820704df5957b0eda96cc012
